{"id":583,"date":"2024-04-12T17:00:12","date_gmt":"2024-04-12T15:00:12","guid":{"rendered":"https:\/\/v-web.fr\/wowev2\/?post_type=product&#038;p=583"},"modified":"2024-11-20T11:40:42","modified_gmt":"2024-11-20T10:40:42","slug":"w-applique-longue-2-bras","status":"publish","type":"product","link":"https:\/\/woandwe.com\/en\/product\/w-2-arm-long-wall-lamp\/","title":{"rendered":"W 2-ARM LONG WALL LAMP"},"content":{"rendered":"<p class=\"h4collec\"><span style=\"font-size: 1rem;\">1 swing articulated arm of 135 cm max<br \/>\nBakelite switch brass socket on 360\u00b0 brass swivel<br \/>\nE27 6W LED bulb (not included)<\/span><\/p>","protected":false},"excerpt":{"rendered":"<p>1 swivel articulated arm of 135 cm max Brass socket Bakelite switch on 360\u00b0 brass ball joint E27 6W LED bulb (not supplied)<\/p>","protected":false},"featured_media":13702,"template":"","meta":[],"product_brand":[],"product_cat":[20,22,26,23,46,100],"product_tag":[],"class_list":{"0":"post-583","1":"product","2":"type-product","3":"status-publish","4":"has-post-thumbnail","6":"product_cat-applique","7":"product_cat-articule","8":"product_cat-grand","9":"product_cat-pivotant","10":"product_cat-simple","11":"product_cat-w","12":"product_shipping_class-colis2","14":"first","15":"instock","16":"taxable","17":"shipping-taxable","18":"purchasable","19":"product-type-variable"},"yoast_head":"<!-- This site is optimized with the Yoast SEO plugin v27.4 - https:\/\/yoast.com\/product\/yoast-seo-wordpress\/ -->\n<title>W APPLIQUE LONGUE 2 BRAS - FABRIQU\u00c9 EN FRANCE - WO&amp;W\u00c9<\/title>\n<meta name=\"description\" content=\"W applique longue 2 bras, acier patin\u00e9 noir, douilles acier ou laiton, abat-jour personnalisable. Fabriqu\u00e9 dans nos ateliers \u00e0 Villeurbanne.\" \/>\n<meta name=\"robots\" content=\"index, follow, max-snippet:-1, max-image-preview:large, max-video-preview:-1\" \/>\n<link rel=\"canonical\" href=\"https:\/\/woandwe.com\/en\/product\/w-2-arm-long-wall-lamp\/\" \/>\n<meta property=\"og:locale\" content=\"en_US\" \/>\n<meta property=\"og:type\" content=\"article\" \/>\n<meta property=\"og:title\" content=\"W APPLIQUE LONGUE 2 BRAS - FABRIQU\u00c9 EN FRANCE - WO&amp;W\u00c9\" \/>\n<meta property=\"og:description\" content=\"W applique longue 2 bras, acier patin\u00e9 noir, douilles acier ou laiton, abat-jour personnalisable. Fabriqu\u00e9 dans nos ateliers \u00e0 Villeurbanne.\" \/>\n<meta property=\"og:url\" content=\"https:\/\/woandwe.com\/en\/product\/w-2-arm-long-wall-lamp\/\" \/>\n<meta property=\"og:site_name\" content=\"WO&amp;W\u00c9\" \/>\n<meta property=\"article:modified_time\" content=\"2024-11-20T10:40:42+00:00\" \/>\n<meta property=\"og:image\" content=\"https:\/\/woandwe.com\/wp-content\/uploads\/2024\/04\/SwJbR7AHkBNuTmaPOQWEIMG_2019-3-retouche-1.jpg\" \/>\n\t<meta property=\"og:image:width\" content=\"1000\" \/>\n\t<meta property=\"og:image:height\" content=\"1052\" \/>\n\t<meta property=\"og:image:type\" content=\"image\/jpeg\" \/>\n<meta name=\"twitter:card\" content=\"summary_large_image\" \/>\n<meta name=\"twitter:label1\" content=\"Est. reading time\" \/>\n\t<meta name=\"twitter:data1\" content=\"1 minute\" \/>\n<script type=\"application\/ld+json\" class=\"yoast-schema-graph\">{\"@context\":\"https:\\\/\\\/schema.org\",\"@graph\":[{\"@type\":\"WebPage\",\"@id\":\"https:\\\/\\\/woandwe.com\\\/produit\\\/w-applique-longue-2-bras\\\/\",\"url\":\"https:\\\/\\\/woandwe.com\\\/produit\\\/w-applique-longue-2-bras\\\/\",\"name\":\"W APPLIQUE LONGUE 2 BRAS - FABRIQU\u00c9 EN FRANCE - WO&amp;W\u00c9\",\"isPartOf\":{\"@id\":\"https:\\\/\\\/woandwe.com\\\/#website\"},\"primaryImageOfPage\":{\"@id\":\"https:\\\/\\\/woandwe.com\\\/produit\\\/w-applique-longue-2-bras\\\/#primaryimage\"},\"image\":{\"@id\":\"https:\\\/\\\/woandwe.com\\\/produit\\\/w-applique-longue-2-bras\\\/#primaryimage\"},\"thumbnailUrl\":\"https:\\\/\\\/woandwe.com\\\/wp-content\\\/uploads\\\/2024\\\/04\\\/SwJbR7AHkBNuTmaPOQWEIMG_2019-3-retouche-1.jpg\",\"datePublished\":\"2024-04-12T15:00:12+00:00\",\"dateModified\":\"2024-11-20T10:40:42+00:00\",\"description\":\"W applique longue 2 bras, acier patin\u00e9 noir, douilles acier ou laiton, abat-jour personnalisable. Fabriqu\u00e9 dans nos ateliers \u00e0 Villeurbanne.\",\"breadcrumb\":{\"@id\":\"https:\\\/\\\/woandwe.com\\\/produit\\\/w-applique-longue-2-bras\\\/#breadcrumb\"},\"inLanguage\":\"en-US\",\"potentialAction\":[{\"@type\":\"ReadAction\",\"target\":[\"https:\\\/\\\/woandwe.com\\\/produit\\\/w-applique-longue-2-bras\\\/\"]}]},{\"@type\":\"ImageObject\",\"inLanguage\":\"en-US\",\"@id\":\"https:\\\/\\\/woandwe.com\\\/produit\\\/w-applique-longue-2-bras\\\/#primaryimage\",\"url\":\"https:\\\/\\\/woandwe.com\\\/wp-content\\\/uploads\\\/2024\\\/04\\\/SwJbR7AHkBNuTmaPOQWEIMG_2019-3-retouche-1.jpg\",\"contentUrl\":\"https:\\\/\\\/woandwe.com\\\/wp-content\\\/uploads\\\/2024\\\/04\\\/SwJbR7AHkBNuTmaPOQWEIMG_2019-3-retouche-1.jpg\",\"width\":1000,\"height\":1052},{\"@type\":\"BreadcrumbList\",\"@id\":\"https:\\\/\\\/woandwe.com\\\/produit\\\/w-applique-longue-2-bras\\\/#breadcrumb\",\"itemListElement\":[{\"@type\":\"ListItem\",\"position\":1,\"name\":\"Accueil\",\"item\":\"https:\\\/\\\/woandwe.com\\\/\"},{\"@type\":\"ListItem\",\"position\":2,\"name\":\"Boutique\",\"item\":\"https:\\\/\\\/woandwe.com\\\/boutique\\\/\"},{\"@type\":\"ListItem\",\"position\":3,\"name\":\"W APPLIQUE LONGUE 2 BRAS\"}]},{\"@type\":\"WebSite\",\"@id\":\"https:\\\/\\\/woandwe.com\\\/#website\",\"url\":\"https:\\\/\\\/woandwe.com\\\/\",\"name\":\"WO&amp;W\u00c9\",\"description\":\"Design Wall Lamp\",\"potentialAction\":[{\"@type\":\"SearchAction\",\"target\":{\"@type\":\"EntryPoint\",\"urlTemplate\":\"https:\\\/\\\/woandwe.com\\\/?s={search_term_string}\"},\"query-input\":{\"@type\":\"PropertyValueSpecification\",\"valueRequired\":true,\"valueName\":\"search_term_string\"}}],\"inLanguage\":\"en-US\"}]}<\/script>\n<!-- \/ Yoast SEO plugin. -->","yoast_head_json":{"title":"W APPLIQUE LONGUE 2 BRAS - FABRIQU\u00c9 EN FRANCE - WO&amp;W\u00c9","description":"W applique longue 2 bras, acier patin\u00e9 noir, douilles acier ou laiton, abat-jour personnalisable. Fabriqu\u00e9 dans nos ateliers \u00e0 Villeurbanne.","robots":{"index":"index","follow":"follow","max-snippet":"max-snippet:-1","max-image-preview":"max-image-preview:large","max-video-preview":"max-video-preview:-1"},"canonical":"https:\/\/woandwe.com\/en\/product\/w-2-arm-long-wall-lamp\/","og_locale":"en_US","og_type":"article","og_title":"W APPLIQUE LONGUE 2 BRAS - FABRIQU\u00c9 EN FRANCE - WO&amp;W\u00c9","og_description":"W applique longue 2 bras, acier patin\u00e9 noir, douilles acier ou laiton, abat-jour personnalisable. Fabriqu\u00e9 dans nos ateliers \u00e0 Villeurbanne.","og_url":"https:\/\/woandwe.com\/en\/product\/w-2-arm-long-wall-lamp\/","og_site_name":"WO&amp;W\u00c9","article_modified_time":"2024-11-20T10:40:42+00:00","og_image":[{"width":1000,"height":1052,"url":"https:\/\/woandwe.com\/wp-content\/uploads\/2024\/04\/SwJbR7AHkBNuTmaPOQWEIMG_2019-3-retouche-1.jpg","type":"image\/jpeg"}],"twitter_card":"summary_large_image","twitter_misc":{"Est. reading time":"1 minute"},"schema":{"@context":"https:\/\/schema.org","@graph":[{"@type":"WebPage","@id":"https:\/\/woandwe.com\/produit\/w-applique-longue-2-bras\/","url":"https:\/\/woandwe.com\/produit\/w-applique-longue-2-bras\/","name":"W APPLIQUE LONGUE 2 BRAS - FABRIQU\u00c9 EN FRANCE - WO&amp;W\u00c9","isPartOf":{"@id":"https:\/\/woandwe.com\/#website"},"primaryImageOfPage":{"@id":"https:\/\/woandwe.com\/produit\/w-applique-longue-2-bras\/#primaryimage"},"image":{"@id":"https:\/\/woandwe.com\/produit\/w-applique-longue-2-bras\/#primaryimage"},"thumbnailUrl":"https:\/\/woandwe.com\/wp-content\/uploads\/2024\/04\/SwJbR7AHkBNuTmaPOQWEIMG_2019-3-retouche-1.jpg","datePublished":"2024-04-12T15:00:12+00:00","dateModified":"2024-11-20T10:40:42+00:00","description":"W applique longue 2 bras, acier patin\u00e9 noir, douilles acier ou laiton, abat-jour personnalisable. Fabriqu\u00e9 dans nos ateliers \u00e0 Villeurbanne.","breadcrumb":{"@id":"https:\/\/woandwe.com\/produit\/w-applique-longue-2-bras\/#breadcrumb"},"inLanguage":"en-US","potentialAction":[{"@type":"ReadAction","target":["https:\/\/woandwe.com\/produit\/w-applique-longue-2-bras\/"]}]},{"@type":"ImageObject","inLanguage":"en-US","@id":"https:\/\/woandwe.com\/produit\/w-applique-longue-2-bras\/#primaryimage","url":"https:\/\/woandwe.com\/wp-content\/uploads\/2024\/04\/SwJbR7AHkBNuTmaPOQWEIMG_2019-3-retouche-1.jpg","contentUrl":"https:\/\/woandwe.com\/wp-content\/uploads\/2024\/04\/SwJbR7AHkBNuTmaPOQWEIMG_2019-3-retouche-1.jpg","width":1000,"height":1052},{"@type":"BreadcrumbList","@id":"https:\/\/woandwe.com\/produit\/w-applique-longue-2-bras\/#breadcrumb","itemListElement":[{"@type":"ListItem","position":1,"name":"Accueil","item":"https:\/\/woandwe.com\/"},{"@type":"ListItem","position":2,"name":"Boutique","item":"https:\/\/woandwe.com\/boutique\/"},{"@type":"ListItem","position":3,"name":"W APPLIQUE LONGUE 2 BRAS"}]},{"@type":"WebSite","@id":"https:\/\/woandwe.com\/#website","url":"https:\/\/woandwe.com\/","name":"WO&amp;W\u00c9","description":"Design Wall Lamp","potentialAction":[{"@type":"SearchAction","target":{"@type":"EntryPoint","urlTemplate":"https:\/\/woandwe.com\/?s={search_term_string}"},"query-input":{"@type":"PropertyValueSpecification","valueRequired":true,"valueName":"search_term_string"}}],"inLanguage":"en-US"}]}},"_links":{"self":[{"href":"https:\/\/woandwe.com\/en\/wp-json\/wp\/v2\/product\/583","targetHints":{"allow":["GET"]}}],"collection":[{"href":"https:\/\/woandwe.com\/en\/wp-json\/wp\/v2\/product"}],"about":[{"href":"https:\/\/woandwe.com\/en\/wp-json\/wp\/v2\/types\/product"}],"wp:featuredmedia":[{"embeddable":true,"href":"https:\/\/woandwe.com\/en\/wp-json\/wp\/v2\/media\/13702"}],"wp:attachment":[{"href":"https:\/\/woandwe.com\/en\/wp-json\/wp\/v2\/media?parent=583"}],"wp:term":[{"taxonomy":"product_brand","embeddable":true,"href":"https:\/\/woandwe.com\/en\/wp-json\/wp\/v2\/product_brand?post=583"},{"taxonomy":"product_cat","embeddable":true,"href":"https:\/\/woandwe.com\/en\/wp-json\/wp\/v2\/product_cat?post=583"},{"taxonomy":"product_tag","embeddable":true,"href":"https:\/\/woandwe.com\/en\/wp-json\/wp\/v2\/product_tag?post=583"}],"curies":[{"name":"wp","href":"https:\/\/api.w.org\/{rel}","templated":true}]}}

<!-- This site is optimized with the Yoast SEO plugin v27.4 - https://yoast.com/product/yoast-seo-wordpress/ -->
<title>W APPLIQUE LONGUE 2 BRAS - FABRIQUÉ EN FRANCE - WO&amp;WÉ</title>
<meta name="description" content="W applique longue 2 bras, acier patiné noir, douilles acier ou laiton, abat-jour personnalisable. Fabriqué dans nos ateliers à Villeurbanne." />
<meta name="robots" content="index, follow, max-snippet:-1, max-image-preview:large, max-video-preview:-1" />
<link rel="canonical" href="https://woandwe.com/en/product/w-2-arm-long-wall-lamp/" />
<meta property="og:locale" content="en_US" />
<meta property="og:type" content="article" />
<meta property="og:title" content="W APPLIQUE LONGUE 2 BRAS - FABRIQUÉ EN FRANCE - WO&amp;WÉ" />
<meta property="og:description" content="W applique longue 2 bras, acier patiné noir, douilles acier ou laiton, abat-jour personnalisable. Fabriqué dans nos ateliers à Villeurbanne." />
<meta property="og:url" content="https://woandwe.com/en/product/w-2-arm-long-wall-lamp/" />
<meta property="og:site_name" content="WO&amp;WÉ" />
<meta property="article:modified_time" content="2024-11-20T10:40:42+00:00" />
<meta property="og:image" content="https://woandwe.com/wp-content/uploads/2024/04/SwJbR7AHkBNuTmaPOQWEIMG_2019-3-retouche-1.jpg" />
	<meta property="og:image:width" content="1000" />
	<meta property="og:image:height" content="1052" />
	<meta property="og:image:type" content="image/jpeg" />
<meta name="twitter:card" content="summary_large_image" />
<meta name="twitter:label1" content="Est. reading time" />
	<meta name="twitter:data1" content="1 minute" />
<script type="application/ld+json" class="yoast-schema-graph">{"@context":"https:\/\/schema.org","@graph":[{"@type":"WebPage","@id":"https:\/\/woandwe.com\/produit\/w-applique-longue-2-bras\/","url":"https:\/\/woandwe.com\/produit\/w-applique-longue-2-bras\/","name":"W APPLIQUE LONGUE 2 BRAS - FABRIQUÉ EN FRANCE - WO&amp;WÉ","isPartOf":{"@id":"https:\/\/woandwe.com\/#website"},"primaryImageOfPage":{"@id":"https:\/\/woandwe.com\/produit\/w-applique-longue-2-bras\/#primaryimage"},"image":{"@id":"https:\/\/woandwe.com\/produit\/w-applique-longue-2-bras\/#primaryimage"},"thumbnailUrl":"https:\/\/woandwe.com\/wp-content\/uploads\/2024\/04\/SwJbR7AHkBNuTmaPOQWEIMG_2019-3-retouche-1.jpg","datePublished":"2024-04-12T15:00:12+00:00","dateModified":"2024-11-20T10:40:42+00:00","description":"W applique longue 2 bras, acier patiné noir, douilles acier ou laiton, abat-jour personnalisable. Fabriqué dans nos ateliers à Villeurbanne.","breadcrumb":{"@id":"https:\/\/woandwe.com\/produit\/w-applique-longue-2-bras\/#breadcrumb"},"inLanguage":"en-US","potentialAction":[{"@type":"ReadAction","target":["https:\/\/woandwe.com\/produit\/w-applique-longue-2-bras\/"]}]},{"@type":"ImageObject","inLanguage":"en-US","@id":"https:\/\/woandwe.com\/produit\/w-applique-longue-2-bras\/#primaryimage","url":"https:\/\/woandwe.com\/wp-content\/uploads\/2024\/04\/SwJbR7AHkBNuTmaPOQWEIMG_2019-3-retouche-1.jpg","contentUrl":"https:\/\/woandwe.com\/wp-content\/uploads\/2024\/04\/SwJbR7AHkBNuTmaPOQWEIMG_2019-3-retouche-1.jpg","width":1000,"height":1052},{"@type":"BreadcrumbList","@id":"https:\/\/woandwe.com\/produit\/w-applique-longue-2-bras\/#breadcrumb","itemListElement":[{"@type":"ListItem","position":1,"name":"Accueil","item":"https:\/\/woandwe.com\/"},{"@type":"ListItem","position":2,"name":"Boutique","item":"https:\/\/woandwe.com\/boutique\/"},{"@type":"ListItem","position":3,"name":"W APPLIQUE LONGUE 2 BRAS"}]},{"@type":"WebSite","@id":"https:\/\/woandwe.com\/#website","url":"https:\/\/woandwe.com\/","name":"WO&amp;WÉ","description":"Design Wall Lamp","potentialAction":[{"@type":"SearchAction","target":{"@type":"EntryPoint","urlTemplate":"https:\/\/woandwe.com\/?s={search_term_string}"},"query-input":{"@type":"PropertyValueSpecification","valueRequired":true,"valueName":"search_term_string"}}],"inLanguage":"en-US"}]}</script>
<!-- / Yoast SEO plugin. -->

W APPLIQUE LONGUE 2 BRAS - FABRIQUÉ EN FRANCE - WO&amp;WÉ

W applique longue 2 bras, acier patiné noir, douilles acier ou laiton, abat-jour personnalisable. Fabriqué dans nos ateliers à Villeurbanne.

WO&amp;WÉ
