{"id":536,"date":"2024-04-12T12:30:21","date_gmt":"2024-04-12T10:30:21","guid":{"rendered":"https:\/\/v-web.fr\/wowev2\/?post_type=product&#038;p=536"},"modified":"2025-03-20T14:35:36","modified_gmt":"2025-03-20T13:35:36","slug":"halo-applique-double","status":"publish","type":"product","link":"https:\/\/woandwe.com\/en\/product\/halo-2-light-sconce\/","title":{"rendered":"HALO 2-LIGHT SCONCE"},"content":{"rendered":"<p class=\"h4collec\"><span style=\"font-size: 1rem;\">1 fixed arm of 50 cm<br \/>\nCan be installed up, down or sideways<br \/>\nBakelite switch on brass socket<br \/>\nOpaline Ball shade \u00d8 15 cm<br \/>\nE27 6W LED bulb (not included)<\/span><\/p>","protected":false},"excerpt":{"rendered":"<p>1 fixed arm of 50 cm Can be installed upwards, downwards or to the side Brass socket Bakelite switch Opaline ball lampshade \u00d8 15 cm E27 6W LED bulb (not supplied)<\/p>","protected":false},"featured_media":16940,"template":"","meta":[],"product_brand":[],"product_cat":[20,45,24,104,25],"product_tag":[],"class_list":{"0":"post-536","1":"product","2":"type-product","3":"status-publish","4":"has-post-thumbnail","6":"product_cat-applique","7":"product_cat-double","8":"product_cat-fixe","9":"product_cat-halo","10":"product_cat-petit","11":"product_shipping_class-colis3","13":"first","14":"instock","15":"taxable","16":"shipping-taxable","17":"purchasable","18":"product-type-variable"},"yoast_head":"<!-- This site is optimized with the Yoast SEO plugin v27.4 - https:\/\/yoast.com\/product\/yoast-seo-wordpress\/ -->\n<title>HALO APPLIQUE DOUBLE - FABRIQU\u00c9 EN FRANCE - WO&amp;W\u00c9<\/title>\n<meta name=\"description\" content=\"Halo applique double, acier patin\u00e9 noir ou laiton, douilles acier ou laiton, abat-jour personnalisable. Fabriqu\u00e9 dans nos ateliers \u00e0 Villeurbanne.\" \/>\n<meta name=\"robots\" content=\"index, follow, max-snippet:-1, max-image-preview:large, max-video-preview:-1\" \/>\n<link rel=\"canonical\" href=\"https:\/\/woandwe.com\/en\/product\/halo-2-light-sconce\/\" \/>\n<meta property=\"og:locale\" content=\"en_US\" \/>\n<meta property=\"og:type\" content=\"article\" \/>\n<meta property=\"og:title\" content=\"HALO APPLIQUE DOUBLE - FABRIQU\u00c9 EN FRANCE - WO&amp;W\u00c9\" \/>\n<meta property=\"og:description\" content=\"Halo applique double, acier patin\u00e9 noir ou laiton, douilles acier ou laiton, abat-jour personnalisable. Fabriqu\u00e9 dans nos ateliers \u00e0 Villeurbanne.\" \/>\n<meta property=\"og:url\" content=\"https:\/\/woandwe.com\/en\/product\/halo-2-light-sconce\/\" \/>\n<meta property=\"og:site_name\" content=\"WO&amp;W\u00c9\" \/>\n<meta property=\"article:modified_time\" content=\"2025-03-20T13:35:36+00:00\" \/>\n<meta property=\"og:image\" content=\"https:\/\/woandwe.com\/wp-content\/uploads\/2024\/04\/IMG_4222_VSCO-1.jpeg\" \/>\n\t<meta property=\"og:image:width\" content=\"1882\" \/>\n\t<meta property=\"og:image:height\" content=\"1887\" \/>\n\t<meta property=\"og:image:type\" content=\"image\/jpeg\" \/>\n<meta name=\"twitter:card\" content=\"summary_large_image\" \/>\n<meta name=\"twitter:label1\" content=\"Est. reading time\" \/>\n\t<meta name=\"twitter:data1\" content=\"1 minute\" \/>\n<script type=\"application\/ld+json\" class=\"yoast-schema-graph\">{\"@context\":\"https:\\\/\\\/schema.org\",\"@graph\":[{\"@type\":\"WebPage\",\"@id\":\"https:\\\/\\\/woandwe.com\\\/produit\\\/halo-applique-double\\\/\",\"url\":\"https:\\\/\\\/woandwe.com\\\/produit\\\/halo-applique-double\\\/\",\"name\":\"HALO APPLIQUE DOUBLE - FABRIQU\u00c9 EN FRANCE - WO&amp;W\u00c9\",\"isPartOf\":{\"@id\":\"https:\\\/\\\/woandwe.com\\\/#website\"},\"primaryImageOfPage\":{\"@id\":\"https:\\\/\\\/woandwe.com\\\/produit\\\/halo-applique-double\\\/#primaryimage\"},\"image\":{\"@id\":\"https:\\\/\\\/woandwe.com\\\/produit\\\/halo-applique-double\\\/#primaryimage\"},\"thumbnailUrl\":\"https:\\\/\\\/woandwe.com\\\/wp-content\\\/uploads\\\/2024\\\/04\\\/IMG_4222_VSCO-1.jpeg\",\"datePublished\":\"2024-04-12T10:30:21+00:00\",\"dateModified\":\"2025-03-20T13:35:36+00:00\",\"description\":\"Halo applique double, acier patin\u00e9 noir ou laiton, douilles acier ou laiton, abat-jour personnalisable. Fabriqu\u00e9 dans nos ateliers \u00e0 Villeurbanne.\",\"breadcrumb\":{\"@id\":\"https:\\\/\\\/woandwe.com\\\/produit\\\/halo-applique-double\\\/#breadcrumb\"},\"inLanguage\":\"en-US\",\"potentialAction\":[{\"@type\":\"ReadAction\",\"target\":[\"https:\\\/\\\/woandwe.com\\\/produit\\\/halo-applique-double\\\/\"]}]},{\"@type\":\"ImageObject\",\"inLanguage\":\"en-US\",\"@id\":\"https:\\\/\\\/woandwe.com\\\/produit\\\/halo-applique-double\\\/#primaryimage\",\"url\":\"https:\\\/\\\/woandwe.com\\\/wp-content\\\/uploads\\\/2024\\\/04\\\/IMG_4222_VSCO-1.jpeg\",\"contentUrl\":\"https:\\\/\\\/woandwe.com\\\/wp-content\\\/uploads\\\/2024\\\/04\\\/IMG_4222_VSCO-1.jpeg\",\"width\":1882,\"height\":1887,\"caption\":\"Processed with VSCO with a3 preset\"},{\"@type\":\"BreadcrumbList\",\"@id\":\"https:\\\/\\\/woandwe.com\\\/produit\\\/halo-applique-double\\\/#breadcrumb\",\"itemListElement\":[{\"@type\":\"ListItem\",\"position\":1,\"name\":\"Accueil\",\"item\":\"https:\\\/\\\/woandwe.com\\\/\"},{\"@type\":\"ListItem\",\"position\":2,\"name\":\"Boutique\",\"item\":\"https:\\\/\\\/woandwe.com\\\/boutique\\\/\"},{\"@type\":\"ListItem\",\"position\":3,\"name\":\"HALO APPLIQUE DOUBLE\"}]},{\"@type\":\"WebSite\",\"@id\":\"https:\\\/\\\/woandwe.com\\\/#website\",\"url\":\"https:\\\/\\\/woandwe.com\\\/\",\"name\":\"WO&amp;W\u00c9\",\"description\":\"Design Wall Lamp\",\"potentialAction\":[{\"@type\":\"SearchAction\",\"target\":{\"@type\":\"EntryPoint\",\"urlTemplate\":\"https:\\\/\\\/woandwe.com\\\/?s={search_term_string}\"},\"query-input\":{\"@type\":\"PropertyValueSpecification\",\"valueRequired\":true,\"valueName\":\"search_term_string\"}}],\"inLanguage\":\"en-US\"}]}<\/script>\n<!-- \/ Yoast SEO plugin. -->","yoast_head_json":{"title":"HALO APPLIQUE DOUBLE - FABRIQU\u00c9 EN FRANCE - WO&amp;W\u00c9","description":"Halo applique double, acier patin\u00e9 noir ou laiton, douilles acier ou laiton, abat-jour personnalisable. Fabriqu\u00e9 dans nos ateliers \u00e0 Villeurbanne.","robots":{"index":"index","follow":"follow","max-snippet":"max-snippet:-1","max-image-preview":"max-image-preview:large","max-video-preview":"max-video-preview:-1"},"canonical":"https:\/\/woandwe.com\/en\/product\/halo-2-light-sconce\/","og_locale":"en_US","og_type":"article","og_title":"HALO APPLIQUE DOUBLE - FABRIQU\u00c9 EN FRANCE - WO&amp;W\u00c9","og_description":"Halo applique double, acier patin\u00e9 noir ou laiton, douilles acier ou laiton, abat-jour personnalisable. Fabriqu\u00e9 dans nos ateliers \u00e0 Villeurbanne.","og_url":"https:\/\/woandwe.com\/en\/product\/halo-2-light-sconce\/","og_site_name":"WO&amp;W\u00c9","article_modified_time":"2025-03-20T13:35:36+00:00","og_image":[{"width":1882,"height":1887,"url":"https:\/\/woandwe.com\/wp-content\/uploads\/2024\/04\/IMG_4222_VSCO-1.jpeg","type":"image\/jpeg"}],"twitter_card":"summary_large_image","twitter_misc":{"Est. reading time":"1 minute"},"schema":{"@context":"https:\/\/schema.org","@graph":[{"@type":"WebPage","@id":"https:\/\/woandwe.com\/produit\/halo-applique-double\/","url":"https:\/\/woandwe.com\/produit\/halo-applique-double\/","name":"HALO APPLIQUE DOUBLE - FABRIQU\u00c9 EN FRANCE - WO&amp;W\u00c9","isPartOf":{"@id":"https:\/\/woandwe.com\/#website"},"primaryImageOfPage":{"@id":"https:\/\/woandwe.com\/produit\/halo-applique-double\/#primaryimage"},"image":{"@id":"https:\/\/woandwe.com\/produit\/halo-applique-double\/#primaryimage"},"thumbnailUrl":"https:\/\/woandwe.com\/wp-content\/uploads\/2024\/04\/IMG_4222_VSCO-1.jpeg","datePublished":"2024-04-12T10:30:21+00:00","dateModified":"2025-03-20T13:35:36+00:00","description":"Halo applique double, acier patin\u00e9 noir ou laiton, douilles acier ou laiton, abat-jour personnalisable. Fabriqu\u00e9 dans nos ateliers \u00e0 Villeurbanne.","breadcrumb":{"@id":"https:\/\/woandwe.com\/produit\/halo-applique-double\/#breadcrumb"},"inLanguage":"en-US","potentialAction":[{"@type":"ReadAction","target":["https:\/\/woandwe.com\/produit\/halo-applique-double\/"]}]},{"@type":"ImageObject","inLanguage":"en-US","@id":"https:\/\/woandwe.com\/produit\/halo-applique-double\/#primaryimage","url":"https:\/\/woandwe.com\/wp-content\/uploads\/2024\/04\/IMG_4222_VSCO-1.jpeg","contentUrl":"https:\/\/woandwe.com\/wp-content\/uploads\/2024\/04\/IMG_4222_VSCO-1.jpeg","width":1882,"height":1887,"caption":"Processed with VSCO with a3 preset"},{"@type":"BreadcrumbList","@id":"https:\/\/woandwe.com\/produit\/halo-applique-double\/#breadcrumb","itemListElement":[{"@type":"ListItem","position":1,"name":"Accueil","item":"https:\/\/woandwe.com\/"},{"@type":"ListItem","position":2,"name":"Boutique","item":"https:\/\/woandwe.com\/boutique\/"},{"@type":"ListItem","position":3,"name":"HALO APPLIQUE DOUBLE"}]},{"@type":"WebSite","@id":"https:\/\/woandwe.com\/#website","url":"https:\/\/woandwe.com\/","name":"WO&amp;W\u00c9","description":"Design Wall Lamp","potentialAction":[{"@type":"SearchAction","target":{"@type":"EntryPoint","urlTemplate":"https:\/\/woandwe.com\/?s={search_term_string}"},"query-input":{"@type":"PropertyValueSpecification","valueRequired":true,"valueName":"search_term_string"}}],"inLanguage":"en-US"}]}},"_links":{"self":[{"href":"https:\/\/woandwe.com\/en\/wp-json\/wp\/v2\/product\/536","targetHints":{"allow":["GET"]}}],"collection":[{"href":"https:\/\/woandwe.com\/en\/wp-json\/wp\/v2\/product"}],"about":[{"href":"https:\/\/woandwe.com\/en\/wp-json\/wp\/v2\/types\/product"}],"wp:featuredmedia":[{"embeddable":true,"href":"https:\/\/woandwe.com\/en\/wp-json\/wp\/v2\/media\/16940"}],"wp:attachment":[{"href":"https:\/\/woandwe.com\/en\/wp-json\/wp\/v2\/media?parent=536"}],"wp:term":[{"taxonomy":"product_brand","embeddable":true,"href":"https:\/\/woandwe.com\/en\/wp-json\/wp\/v2\/product_brand?post=536"},{"taxonomy":"product_cat","embeddable":true,"href":"https:\/\/woandwe.com\/en\/wp-json\/wp\/v2\/product_cat?post=536"},{"taxonomy":"product_tag","embeddable":true,"href":"https:\/\/woandwe.com\/en\/wp-json\/wp\/v2\/product_tag?post=536"}],"curies":[{"name":"wp","href":"https:\/\/api.w.org\/{rel}","templated":true}]}}

<p class="h4collec"><span style="font-size: 1rem;">1 fixed arm of 50 cm<br />
Can be installed up, down or sideways<br />
Bakelite switch on brass socket<br />
Opaline Ball shade Ø 15 cm<br />
E27 6W LED bulb (not included)</span></p>

<p>1 fixed arm of 50 cm Can be installed upwards, downwards or to the side Brass socket Bakelite switch Opaline ball lampshade Ø 15 cm E27 6W LED bulb (not supplied)</p>

<!-- This site is optimized with the Yoast SEO plugin v27.4 - https://yoast.com/product/yoast-seo-wordpress/ -->
<title>HALO APPLIQUE DOUBLE - FABRIQUÉ EN FRANCE - WO&amp;WÉ</title>
<meta name="description" content="Halo applique double, acier patiné noir ou laiton, douilles acier ou laiton, abat-jour personnalisable. Fabriqué dans nos ateliers à Villeurbanne." />
<meta name="robots" content="index, follow, max-snippet:-1, max-image-preview:large, max-video-preview:-1" />
<link rel="canonical" href="https://woandwe.com/en/product/halo-2-light-sconce/" />
<meta property="og:locale" content="en_US" />
<meta property="og:type" content="article" />
<meta property="og:title" content="HALO APPLIQUE DOUBLE - FABRIQUÉ EN FRANCE - WO&amp;WÉ" />
<meta property="og:description" content="Halo applique double, acier patiné noir ou laiton, douilles acier ou laiton, abat-jour personnalisable. Fabriqué dans nos ateliers à Villeurbanne." />
<meta property="og:url" content="https://woandwe.com/en/product/halo-2-light-sconce/" />
<meta property="og:site_name" content="WO&amp;WÉ" />
<meta property="article:modified_time" content="2025-03-20T13:35:36+00:00" />
<meta property="og:image" content="https://woandwe.com/wp-content/uploads/2024/04/IMG_4222_VSCO-1.jpeg" />
	<meta property="og:image:width" content="1882" />
	<meta property="og:image:height" content="1887" />
	<meta property="og:image:type" content="image/jpeg" />
<meta name="twitter:card" content="summary_large_image" />
<meta name="twitter:label1" content="Est. reading time" />
	<meta name="twitter:data1" content="1 minute" />
<script type="application/ld+json" class="yoast-schema-graph">{"@context":"https:\/\/schema.org","@graph":[{"@type":"WebPage","@id":"https:\/\/woandwe.com\/produit\/halo-applique-double\/","url":"https:\/\/woandwe.com\/produit\/halo-applique-double\/","name":"HALO APPLIQUE DOUBLE - FABRIQUÉ EN FRANCE - WO&amp;WÉ","isPartOf":{"@id":"https:\/\/woandwe.com\/#website"},"primaryImageOfPage":{"@id":"https:\/\/woandwe.com\/produit\/halo-applique-double\/#primaryimage"},"image":{"@id":"https:\/\/woandwe.com\/produit\/halo-applique-double\/#primaryimage"},"thumbnailUrl":"https:\/\/woandwe.com\/wp-content\/uploads\/2024\/04\/IMG_4222_VSCO-1.jpeg","datePublished":"2024-04-12T10:30:21+00:00","dateModified":"2025-03-20T13:35:36+00:00","description":"Halo applique double, acier patiné noir ou laiton, douilles acier ou laiton, abat-jour personnalisable. Fabriqué dans nos ateliers à Villeurbanne.","breadcrumb":{"@id":"https:\/\/woandwe.com\/produit\/halo-applique-double\/#breadcrumb"},"inLanguage":"en-US","potentialAction":[{"@type":"ReadAction","target":["https:\/\/woandwe.com\/produit\/halo-applique-double\/"]}]},{"@type":"ImageObject","inLanguage":"en-US","@id":"https:\/\/woandwe.com\/produit\/halo-applique-double\/#primaryimage","url":"https:\/\/woandwe.com\/wp-content\/uploads\/2024\/04\/IMG_4222_VSCO-1.jpeg","contentUrl":"https:\/\/woandwe.com\/wp-content\/uploads\/2024\/04\/IMG_4222_VSCO-1.jpeg","width":1882,"height":1887,"caption":"Processed with VSCO with a3 preset"},{"@type":"BreadcrumbList","@id":"https:\/\/woandwe.com\/produit\/halo-applique-double\/#breadcrumb","itemListElement":[{"@type":"ListItem","position":1,"name":"Accueil","item":"https:\/\/woandwe.com\/"},{"@type":"ListItem","position":2,"name":"Boutique","item":"https:\/\/woandwe.com\/boutique\/"},{"@type":"ListItem","position":3,"name":"HALO APPLIQUE DOUBLE"}]},{"@type":"WebSite","@id":"https:\/\/woandwe.com\/#website","url":"https:\/\/woandwe.com\/","name":"WO&amp;WÉ","description":"Design Wall Lamp","potentialAction":[{"@type":"SearchAction","target":{"@type":"EntryPoint","urlTemplate":"https:\/\/woandwe.com\/?s={search_term_string}"},"query-input":{"@type":"PropertyValueSpecification","valueRequired":true,"valueName":"search_term_string"}}],"inLanguage":"en-US"}]}</script>
<!-- / Yoast SEO plugin. -->

HALO APPLIQUE DOUBLE - FABRIQUÉ EN FRANCE - WO&amp;WÉ

Halo applique double, acier patiné noir ou laiton, douilles acier ou laiton, abat-jour personnalisable. Fabriqué dans nos ateliers à Villeurbanne.

WO&amp;WÉ
